k**3 + 0*k - 1/2*k**2 + 1. Is c(2) a composite number?
True
Let y(h) = h + 7. Let r be y(-5). Suppose w = -r*w + 33. Is w prime?
True
Let g(w) = -6*w**2 + 10*w - 5. Let l be g(7). Let h = l + 408. Is h prime?
True
Let g(h) = 2*h**3 - 4*h**2 + 0*h - 9*h - 9 + 17 - h**3. Is g(6) a composite number?
True
Let f = 30 + 0. Let g = 61 - f. Is g prime?
True
Suppose n + 8 = -3*d, 4*n + 15 = -0*d + 5*d. Is d - ((-3)/1 + -555) a prime number?
True
Let z(l) = l + 8. Let o be z(-5). Suppose 99 = -0*v - o*v. Is (-2)/(2 + 72/v) composite?
False
Let t = 14 - 13. Suppose 0 = -3*d + 4*l + 10, l - 1 = -2*d + 2. Let j = t + d. Is j composite?
False
Let o(y) = 12*y**2 - 3*y - 4. Let t be (-6)/(-10)*(2 - 7). Is o(t) a prime number?
True
Suppose 0 = 2*d + 2*d + 2*r - 8, -r + 10 = 5*d. Suppose -3*g = -4*b + d*g + 1, -4*b + 25 = 3*g. Suppose 5*a - 717 = 2*o, 40 + 536 = b*a - o. Is a prime?
False
Suppose 351 = 2*i + 4*v + 55, -3*v = -i + 173. Suppose 4*l - 162 = -2*t, 2*t - 4*l - i = -6*l. Is t a composite number?
True
Let z(f) = -35*f - 12. Is z(-11) a composite number?
False
Suppose -5*m + 601 = -454. Is m composite?
False
Suppose 0 = -4*a - 4*h + 340, -7*a + 4*a - 2*h + 251 = 0. Suppose 3*w - a = 192. Is w a prime number?
False
Let m = -298 - -464. Is m a prime number?
False
Let a = 378 - -19. Is a a prime number?
True
Let p(w) = -w**2 - 3*w - 7. Let q be p(5). Suppose -4*z = -5*g + 412, 4*z - 7*z = 9. Let t = g + q. Is t a prime number?
False
Let t = 232 - 162. Let z = t - 35. Is z a prime number?
False
Let f(p) = 5*p**2 - p - 5. Suppose 21 = -5*b - s, 2*s = -5*b - s - 23. Is f(b) prime?
True
Suppose 0 = -3*h + 3*c + 93, h - c + 21 = 2*h. Suppose 4*f = 3*a - 9, -f - 2*a = 4*f - 6. Suppose 22 = 2*m - 4*s - h, f = m - 3*s - 19. Is m a prime number?
False
Let b(p) = p**2 - p + 37. Let y be b(0). Let u = y - -61. Let i = u - 61. Is i composite?
False
Suppose 2*a = 5*p - 2509, -p + 640 = a + 134. Is p prime?
True
Let f = -40 + 77. Let w = 15 + -3. Let m = f - w. Is m a prime number?
False
Let h(a) = 2*a - 5. Let z be h(4). Let t be (5/10)/1*12. Suppose z*f = t*f - 381. Is f a prime number?
True
Is 9/12 + (-3)/((-48)/24548) a composite number?
True
Let t = 15 + -17. Is 8830/40 - t/8 a prime number?
False
Let s = 12 + -26. Let h be (-2)/7 + (-32)/s. Is 37 + -2 - (-4)/h a prime number?
True
Suppose -5*d = 15 - 5. Let r(v) = -2*v**3 - 4*v**2 - 3*v - 2. Let s be r(d). Suppose -4*n = 2*q + 4 - 86, s*n - 2*q = 102. Is n a composite number?
False
Suppose -24*m + 20*m + 2972 = 0. Is m a prime number?
True
Suppose -3*b + 7721 = 5*x, -4*x - 5*b + 1977 + 4205 = 0. Is x prime?
True
Is (-2)/6*1*-877*3 a prime number?
True
Let o(l) = 2*l**2 + 5*l - 5. Let r be (0 - -13) + 0 + -1. Let t = r - 6. Is o(t) a composite number?
False
Suppose -3*x - 2*x = -20. Suppose -d = 2*q - x, 3*d - 6*d + 5*q = -23. Suppose -5*n = 5*l - 185, 0 = -2*l + 3*n + d + 48. Is l a prime number?
False
Let k = 525 - 314. Is k a prime number?
True
Let p(l) = -l. Let u be p(-4). Let i = 8 - u. Suppose 0 = -i*b - 28 + 104. Is b a composite number?
False
Suppose -3*c + 551 = -904. Is c prime?
False
Suppose 7*f - 508 = 3*f. Is f a composite number?
False
Let n(u) = 7*u - 1. Let b(y) = -3*y + 1. Let l(w) = -5*b(w) - 2*n(w). Let t be l(5). Suppose 2*q = -f + 91, -f = t*f + 9. Is q a composite number?
False
Let x = -12 + 21. Is x a composite number?
True
Let s = 5 + -10. Let p be -94 + s/((-15)/9). Is 1 - (1 + 0 + p) composite?
True
Is (-6)/4 + 1347/6 + 0 a prime number?
True
Let m(j) = j**3 - 14*j**2 - 11*j - 13. Is m(20) composite?
True
Let q be (8/12)/(1/3). Suppose q*h - 5*m = -h + 113, -h + 5*m + 51 = 0. Is h composite?
False
Let a(d) = 12*d**2 - d. Let w be a(-1). Suppose -3*q - 1 = 5*t + w, -5*q + t + 14 = 0. Suppose -49 = -4*b - 2*h + 5*h, q*h + 37 = 3*b. Is b composite?
False
Suppose -4*m = m + 2*q - 341, 3*q = -3*m + 201. Is m a composite number?
True
Let o = -612 - -1285. Is o composite?
False
Is (226 - 5) + 9/(-3) composite?
True
Suppose 2*k - 5845 = -3*p, -3*k = 2*k + 5*p - 14620. Is k a composite number?
False
Let z = -1131 - -1876. Is z a composite number?
True
Suppose -1772 = a - 5*a. Is a composite?
False
Suppose -2*y = -2866 - 3588. Is y a composite number?
True
Let v(c) = c**2 - 4*c + 9. Is v(-10) a composite number?
False
Suppose -981 = -9*a + 1998. Is a a composite number?
False
Suppose -3*f - 34 - 71 = 0. Let n = 24 - 48. Let g = n - f. Is g composite?
False
Let y(w) = 29*w**3 - 2*w**2 + 4*w + 2. Is y(3) a composite number?
True
Let g(x) = x + 11. Let s be g(-11). Suppose s = 2*y + 2*i - 0*i - 406, 607 = 3*y + 2*i. Let o = 290 - y. Is o a composite number?
False
Let a = 53 - -530. Is a prime?
False
Let v = 93 + 678. Is v a composite number?
True
Suppose -2*h - h - 2*w + 6 = 0, -5*h = -5*w - 35. Suppose -2*d - 2*f - 3*f = -249, h*f + 258 = 2*d. Is d prime?
True
Suppose 5*o = 2*z + 3*o - 962, 0 = -3*z - o + 1447. Is z prime?
False
Let o(j) = -2*j**2 - j + 187. Is o(0) a prime number?
False
Suppose 3*n + 4*n - 518 = 0. Is n a composite number?
True
Is (0 - (-3 + 2))/((-8)/(-24152)) prime?
True
Let t(u) = 33*u + 4. Let j(d) = 22*d + 3. Let o(f) = 7*j(f) - 5*t(f). Let s be o(1). Is ((-8)/s)/(8/60) prime?
False
Suppose 0 = -15*j + 9536 - 1181. Is j a prime number?
True
Suppose 18 - 15 = q. Suppose 3*b = -h - 2*b + 201, 635 = q*h - b. Is h composite?
False
Let i = -2095 - -1145. Is i/(-18) + 16/72 composite?
False
Let k = 5 + -3. Suppose -259 = -k*y + y. Is y composite?
True
Let r(z) be the first derivative of -z**2 + 4*z - 1. Is r(-5) prime?
False
Let m(j) be the second derivative of -j**4/12 - 11*j**3/6 - 9*j**2/2 + 3*j. Is m(-6) a composite number?
True
Is 1*(-6)/2 + 68 a composite number?
True
Let g be (1 + -2)*-1*-1. Let x be (-3)/(-4)*(3 - g). Suppose -x*n + 18 = -12. Is n a prime number?
False
Suppose -2*p - 9 = -5*p. Let s(y) = y**3 - 4*y**2 + 4*y - 3. Let h be s(p). Suppose h = -3*f + 4*f - 287. Is f composite?
True
Let o be -1 - 4/(0 + -4). Is (415 - (o - 1)) + -3 prime?
False
Suppose 4*r - 5*r + 3 = 0. Let l = r - 1. Suppose -3*d + l*d + 2 = 0, -d - 33 = -5*j. Is j a prime number?
True
Suppose -l = 4*l - 55. Let y = -116 + 48. Let r = l - y. Is r a prime number?
True
Let d = -3 + 1. Is 2/(3 + d) + 65 a composite number?
False
Let g = -19 - -81. Let i = -43 + g. Is i prime?
True
Suppose 39 = 5*c - 36. Let v = c + 0. Is v prime?
False
Let b(n) = -n**2 - 6*n. Let k be ((-1)/1)/(3/21). Let d be b(k). Let m(z) = -z**3 - 5*z**2 + 4*z + 9. Is m(d) composite?
False
Suppose -3*w + w = -s - 600, -3*s + 1478 = 5*w. Is w a prime number?
False
Let m(l) = 23*l**2 - 8*l + 17. Is m(6) prime?
True
Let q = 9 + -4. Suppose 0 = -0*s + q*s - 55. Is s prime?
True
Let c(j) = -2*j + 1. Let n be c(3). Let m(g) = -19*g - 4. Let p(h) = 96*h + 19. Let r(i) = 11*m(i) + 2*p(i). Is r(n) composite?
False
Suppose 3*w - 6190 = -4*x + 2703, 5924 = 2*w - 2*x. Is w prime?
True
Let t(g) = -g**3 + 13*g**2 + 7*g + 1. Suppose 0 = -3*b - 2*b + 30. Is t(b) a prime number?
False
Let l(a) = 3*a. Let n be l(2). Let h = 36 + -23. Let w = n + h. Is w composite?
False
Let p(f) = f**2 - 1. Let v(d) = -17*d**2 + 3*d + 5. Let m = -1 - 0. Let o(q) = m*v(q) - 6*p(q). Is o(2) prime?
False
Let x(d) = d**2 + 4*d - 3. Let b be x(-5). Suppose 186 = 2*s - b*v, -8 = -v - v. Is s a prime number?
True
Let j = 1669 + -992. Is j prime?
True
Let w be -1*2 - 35/(-7). Is 1 - 0 - (-378)/w prime?
True
Suppose 94420 = -8*q + 28*q. Is q a composite number?
False
Suppose 4*q + 0*q + 181 = v, 4*q + 366 = 2*v. Suppose 0 = -2*o - 2*c + 130, -63 = -4*o + 2*c + v. Let u = o - 5. Is u a prime number?
False
Let p(r) = r**2 - 5*r - 8. Let x be p(-7). Suppose -i + x = -33. Is i prime?
True
Let a = 5 - -2. Suppose -2*s - 2*f = -3*s - 19, -3*s - 4*f - 67 = 0. Is a/(s/(-60)) + -1 composite?
False
Suppose -425 = -5*l - 3*i, 4*i = -0*l - l + 85. Let m = -54 + l. Is m prime?
True
Is (1341/36)/(1/4) composite?
False
Let c(d) = 2*d**2 + 5*d - 4. Let t(m) = -5*m**2 - 9*m + 7. Let o(a) = -5*c(a) - 3*t(a). Is o(1) a composite number?
True
Let q be ((-6)/(-18))/((-2)/(-18)). Suppose 238 + 533 = -q*l. Let d = -172 - l. Is d prime?
False
Let o = 54 - -7. Is o - 2/((-4)/(-6)) a prime number?
False
Let u(s) = 60*s**2 + 3*s - 6. Let m be u(4). Suppose -m = -5*y + 79. Is y prime?
False
Le